{"id":9035,"date":"2022-01-24T03:46:29","date_gmt":"2022-01-24T03:46:29","guid":{"rendered":"https:\/\/geziyoo.co\/blog\/?page_id=9035"},"modified":"2026-02-04T13:39:15","modified_gmt":"2026-02-04T13:39:15","slug":"bungalov","status":"publish","type":"page","link":"https:\/\/geziyoo.co\/blog\/bungalov\/","title":{"rendered":"Bungalov Tatil Rehberi: \u0130pu\u00e7lar\u0131 ve Sahibinden Kiral\u0131k Listeler (\u0130leti\u015fim ve Konum)"},"content":{"rendered":"\n<p><\/p>\n\n\n\n<figure class=\"wp-block-image size-large\"><img decoding=\"async\" width=\"800\" height=\"486\" data-src=\"https:\/\/geziyoo.co\/blog\/wp-content\/uploads\/2021\/10\/Antalya-Agac-Evler-Ikiz-Pansiyon-Bungalow.jpg\" alt=\"T\u00fcrkiye'deki Bungalov Oteller ve Tiny House Evler\" class=\"wp-image-8183 lazyload\" data-srcset=\"https:\/\/geziyoo.co\/blog\/wp-content\/uploads\/2021\/10\/Antalya-Agac-Evler-Ikiz-Pansiyon-Bungalow.jpg 800w, https:\/\/geziyoo.co\/blog\/wp-content\/uploads\/2021\/10\/Antalya-Agac-Evler-Ikiz-Pansiyon-Bungalow-300x182.jpg 300w, https:\/\/geziyoo.co\/blog\/wp-content\/uploads\/2021\/10\/Antalya-Agac-Evler-Ikiz-Pansiyon-Bungalow-768x467.jpg 768w\" data-sizes=\"(max-width: 800px) 100vw, 800px\" src=\"data:image\/gif;base64,R0lGODlhAQABAAAAACH5BAEKAAEALAAAAAABAAEAAAICTAEAOw==\" style=\"--smush-placeholder-width: 800px; --smush-placeholder-aspect-ratio: 800\/486;\" \/><figcaption class=\"wp-element-caption\">T\u00fcrkiye&#8217;deki Bungalov Oteller ve Tiny House Evler<\/figcaption><\/figure>\n","protected":false},"excerpt":{"rendered":"<p>T\u00fcrkiye&#8217;deki Bungalov Oteller ve Tiny House Evler<\/p>\n","protected":false},"author":1,"featured_media":19863,"parent":0,"menu_order":0,"comment_status":"closed","ping_status":"closed","template":"","meta":{"footnotes":""},"class_list":["post-9035","page","type-page","status-publish","has-post-thumbnail","hentry"],"yoast_head":"<!-- This site is optimized with the Yoast SEO plugin v26.9 - https:\/\/yoast.com\/product\/yoast-seo-wordpress\/ -->\n<title>Bungalov Rehberi: En Uygun Listeler ve \u0130pu\u00e7lar\u0131 | Geziyoo<\/title>\n<meta name=\"description\" content=\"Bungalov tatili ipu\u00e7lar\u0131 ve en uygun kiral\u0131k listeler burada. Komisyon yok! \u0130\u015fletme telefonlar\u0131 ve konum bilgileriyle dolu rehberimiz.\" \/>\n<meta name=\"robots\" content=\"index, follow, max-snippet:-1, max-image-preview:large, max-video-preview:-1\" \/>\n<link rel=\"canonical\" href=\"http:\/\/geziyoo.co\/blog\/bungalov\/\" \/>\n<meta property=\"og:locale\" content=\"tr_TR\" \/>\n<meta property=\"og:type\" content=\"article\" \/>\n<meta property=\"og:title\" content=\"Bungalov Rehberi: En Uygun Listeler ve \u0130pu\u00e7lar\u0131 | Geziyoo\" \/>\n<meta property=\"og:description\" content=\"Bungalov tatili ipu\u00e7lar\u0131 ve en uygun kiral\u0131k listeler burada. Komisyon yok! \u0130\u015fletme telefonlar\u0131 ve konum bilgileriyle dolu rehberimiz.\" \/>\n<meta property=\"og:url\" content=\"http:\/\/geziyoo.co\/blog\/bungalov\/\" \/>\n<meta property=\"og:site_name\" content=\"Geziyoo.co\" \/>\n<meta property=\"article:publisher\" content=\"https:\/\/www.facebook.com\/Geziyooco\" \/>\n<meta property=\"article:modified_time\" content=\"2026-02-04T13:39:15+00:00\" \/>\n<meta property=\"og:image\" content=\"http:\/\/geziyoo.co\/blog\/wp-content\/uploads\/2024\/12\/Yuvacik-Kazli-Bahce-Bungalov-2.jpg\" \/>\n\t<meta property=\"og:image:width\" content=\"800\" \/>\n\t<meta property=\"og:image:height\" content=\"592\" \/>\n\t<meta property=\"og:image:type\" content=\"image\/jpeg\" \/>\n<meta name=\"twitter:card\" content=\"summary_large_image\" \/>\n<meta name=\"twitter:site\" content=\"@geziyoo\" \/>\n<meta name=\"twitter:label1\" content=\"Tahmini okuma s\u00fcresi\" \/>\n\t<meta name=\"twitter:data1\" content=\"1 dakika\" \/>\n<script type=\"application\/ld+json\" class=\"yoast-schema-graph\">{\"@context\":\"https:\/\/schema.org\",\"@graph\":[{\"@type\":\"WebPage\",\"@id\":\"http:\/\/geziyoo.co\/blog\/bungalov\/\",\"url\":\"http:\/\/geziyoo.co\/blog\/bungalov\/\",\"name\":\"Bungalov Rehberi: En Uygun Listeler ve \u0130pu\u00e7lar\u0131 | Geziyoo\",\"isPartOf\":{\"@id\":\"https:\/\/geziyoo.co\/blog\/#website\"},\"primaryImageOfPage\":{\"@id\":\"http:\/\/geziyoo.co\/blog\/bungalov\/#primaryimage\"},\"image\":{\"@id\":\"http:\/\/geziyoo.co\/blog\/bungalov\/#primaryimage\"},\"thumbnailUrl\":\"https:\/\/geziyoo.co\/blog\/wp-content\/uploads\/2024\/12\/Yuvacik-Kazli-Bahce-Bungalov-2.jpg\",\"datePublished\":\"2022-01-24T03:46:29+00:00\",\"dateModified\":\"2026-02-04T13:39:15+00:00\",\"description\":\"Bungalov tatili ipu\u00e7lar\u0131 ve en uygun kiral\u0131k listeler burada. Komisyon yok! \u0130\u015fletme telefonlar\u0131 ve konum bilgileriyle dolu rehberimiz.\",\"breadcrumb\":{\"@id\":\"http:\/\/geziyoo.co\/blog\/bungalov\/#breadcrumb\"},\"inLanguage\":\"tr\",\"potentialAction\":[{\"@type\":\"ReadAction\",\"target\":[\"http:\/\/geziyoo.co\/blog\/bungalov\/\"]}]},{\"@type\":\"ImageObject\",\"inLanguage\":\"tr\",\"@id\":\"http:\/\/geziyoo.co\/blog\/bungalov\/#primaryimage\",\"url\":\"https:\/\/geziyoo.co\/blog\/wp-content\/uploads\/2024\/12\/Yuvacik-Kazli-Bahce-Bungalov-2.jpg\",\"contentUrl\":\"https:\/\/geziyoo.co\/blog\/wp-content\/uploads\/2024\/12\/Yuvacik-Kazli-Bahce-Bungalov-2.jpg\",\"width\":800,\"height\":592},{\"@type\":\"BreadcrumbList\",\"@id\":\"http:\/\/geziyoo.co\/blog\/bungalov\/#breadcrumb\",\"itemListElement\":[{\"@type\":\"ListItem\",\"position\":1,\"name\":\"Ana sayfa\",\"item\":\"https:\/\/geziyoo.co\/blog\/\"},{\"@type\":\"ListItem\",\"position\":2,\"name\":\"Bungalov Tatil Rehberi: \u0130pu\u00e7lar\u0131 ve Sahibinden Kiral\u0131k Listeler (\u0130leti\u015fim ve Konum)\"}]},{\"@type\":\"WebSite\",\"@id\":\"https:\/\/geziyoo.co\/blog\/#website\",\"url\":\"https:\/\/geziyoo.co\/blog\/\",\"name\":\"Geziyoo Blog\",\"description\":\"GeziYoo Blog&#039;da T\u00fcrkiye&#039;nin en iyi kamp alanlar\u0131ndan bungalov tatillerine, karavan ipu\u00e7lar\u0131ndan gezi rehberlerine kadar her t\u00fcrl\u00fc do\u011fa deneyimini ke\u015ffedin.\",\"publisher\":{\"@id\":\"https:\/\/geziyoo.co\/blog\/#organization\"},\"potentialAction\":[{\"@type\":\"SearchAction\",\"target\":{\"@type\":\"EntryPoint\",\"urlTemplate\":\"https:\/\/geziyoo.co\/blog\/?s={search_term_string}\"},\"query-input\":{\"@type\":\"PropertyValueSpecification\",\"valueRequired\":true,\"valueName\":\"search_term_string\"}}],\"inLanguage\":\"tr\"},{\"@type\":\"Organization\",\"@id\":\"https:\/\/geziyoo.co\/blog\/#organization\",\"name\":\"Geziyoo.co\",\"url\":\"https:\/\/geziyoo.co\/blog\/\",\"logo\":{\"@type\":\"ImageObject\",\"inLanguage\":\"tr\",\"@id\":\"https:\/\/geziyoo.co\/blog\/#\/schema\/logo\/image\/\",\"url\":\"https:\/\/geziyoo.co\/blog\/wp-content\/uploads\/2025\/01\/Paragraf-metniniz-3.png\",\"contentUrl\":\"https:\/\/geziyoo.co\/blog\/wp-content\/uploads\/2025\/01\/Paragraf-metniniz-3.png\",\"width\":270,\"height\":50,\"caption\":\"Geziyoo.co\"},\"image\":{\"@id\":\"https:\/\/geziyoo.co\/blog\/#\/schema\/logo\/image\/\"},\"sameAs\":[\"https:\/\/www.facebook.com\/Geziyooco\",\"https:\/\/x.com\/geziyoo\",\"https:\/\/tr.pinterest.com\/geziyooco\/\",\"https:\/\/www.youtube.com\/@geziyoo\",\"https:\/\/www.instagram.com\/geziyoo.co\/\"]}]}<\/script>\n<!-- \/ Yoast SEO plugin. -->","yoast_head_json":{"title":"Bungalov Rehberi: En Uygun Listeler ve \u0130pu\u00e7lar\u0131 | Geziyoo","description":"Bungalov tatili ipu\u00e7lar\u0131 ve en uygun kiral\u0131k listeler burada. Komisyon yok! \u0130\u015fletme telefonlar\u0131 ve konum bilgileriyle dolu rehberimiz.","robots":{"index":"index","follow":"follow","max-snippet":"max-snippet:-1","max-image-preview":"max-image-preview:large","max-video-preview":"max-video-preview:-1"},"canonical":"http:\/\/geziyoo.co\/blog\/bungalov\/","og_locale":"tr_TR","og_type":"article","og_title":"Bungalov Rehberi: En Uygun Listeler ve \u0130pu\u00e7lar\u0131 | Geziyoo","og_description":"Bungalov tatili ipu\u00e7lar\u0131 ve en uygun kiral\u0131k listeler burada. Komisyon yok! \u0130\u015fletme telefonlar\u0131 ve konum bilgileriyle dolu rehberimiz.","og_url":"http:\/\/geziyoo.co\/blog\/bungalov\/","og_site_name":"Geziyoo.co","article_publisher":"https:\/\/www.facebook.com\/Geziyooco","article_modified_time":"2026-02-04T13:39:15+00:00","og_image":[{"width":800,"height":592,"url":"http:\/\/geziyoo.co\/blog\/wp-content\/uploads\/2024\/12\/Yuvacik-Kazli-Bahce-Bungalov-2.jpg","type":"image\/jpeg"}],"twitter_card":"summary_large_image","twitter_site":"@geziyoo","twitter_misc":{"Tahmini okuma s\u00fcresi":"1 dakika"},"schema":{"@context":"https:\/\/schema.org","@graph":[{"@type":"WebPage","@id":"http:\/\/geziyoo.co\/blog\/bungalov\/","url":"http:\/\/geziyoo.co\/blog\/bungalov\/","name":"Bungalov Rehberi: En Uygun Listeler ve \u0130pu\u00e7lar\u0131 | Geziyoo","isPartOf":{"@id":"https:\/\/geziyoo.co\/blog\/#website"},"primaryImageOfPage":{"@id":"http:\/\/geziyoo.co\/blog\/bungalov\/#primaryimage"},"image":{"@id":"http:\/\/geziyoo.co\/blog\/bungalov\/#primaryimage"},"thumbnailUrl":"https:\/\/geziyoo.co\/blog\/wp-content\/uploads\/2024\/12\/Yuvacik-Kazli-Bahce-Bungalov-2.jpg","datePublished":"2022-01-24T03:46:29+00:00","dateModified":"2026-02-04T13:39:15+00:00","description":"Bungalov tatili ipu\u00e7lar\u0131 ve en uygun kiral\u0131k listeler burada. Komisyon yok! \u0130\u015fletme telefonlar\u0131 ve konum bilgileriyle dolu rehberimiz.","breadcrumb":{"@id":"http:\/\/geziyoo.co\/blog\/bungalov\/#breadcrumb"},"inLanguage":"tr","potentialAction":[{"@type":"ReadAction","target":["http:\/\/geziyoo.co\/blog\/bungalov\/"]}]},{"@type":"ImageObject","inLanguage":"tr","@id":"http:\/\/geziyoo.co\/blog\/bungalov\/#primaryimage","url":"https:\/\/geziyoo.co\/blog\/wp-content\/uploads\/2024\/12\/Yuvacik-Kazli-Bahce-Bungalov-2.jpg","contentUrl":"https:\/\/geziyoo.co\/blog\/wp-content\/uploads\/2024\/12\/Yuvacik-Kazli-Bahce-Bungalov-2.jpg","width":800,"height":592},{"@type":"BreadcrumbList","@id":"http:\/\/geziyoo.co\/blog\/bungalov\/#breadcrumb","itemListElement":[{"@type":"ListItem","position":1,"name":"Ana sayfa","item":"https:\/\/geziyoo.co\/blog\/"},{"@type":"ListItem","position":2,"name":"Bungalov Tatil Rehberi: \u0130pu\u00e7lar\u0131 ve Sahibinden Kiral\u0131k Listeler (\u0130leti\u015fim ve Konum)"}]},{"@type":"WebSite","@id":"https:\/\/geziyoo.co\/blog\/#website","url":"https:\/\/geziyoo.co\/blog\/","name":"Geziyoo Blog","description":"GeziYoo Blog&#039;da T\u00fcrkiye&#039;nin en iyi kamp alanlar\u0131ndan bungalov tatillerine, karavan ipu\u00e7lar\u0131ndan gezi rehberlerine kadar her t\u00fcrl\u00fc do\u011fa deneyimini ke\u015ffedin.","publisher":{"@id":"https:\/\/geziyoo.co\/blog\/#organization"},"potentialAction":[{"@type":"SearchAction","target":{"@type":"EntryPoint","urlTemplate":"https:\/\/geziyoo.co\/blog\/?s={search_term_string}"},"query-input":{"@type":"PropertyValueSpecification","valueRequired":true,"valueName":"search_term_string"}}],"inLanguage":"tr"},{"@type":"Organization","@id":"https:\/\/geziyoo.co\/blog\/#organization","name":"Geziyoo.co","url":"https:\/\/geziyoo.co\/blog\/","logo":{"@type":"ImageObject","inLanguage":"tr","@id":"https:\/\/geziyoo.co\/blog\/#\/schema\/logo\/image\/","url":"https:\/\/geziyoo.co\/blog\/wp-content\/uploads\/2025\/01\/Paragraf-metniniz-3.png","contentUrl":"https:\/\/geziyoo.co\/blog\/wp-content\/uploads\/2025\/01\/Paragraf-metniniz-3.png","width":270,"height":50,"caption":"Geziyoo.co"},"image":{"@id":"https:\/\/geziyoo.co\/blog\/#\/schema\/logo\/image\/"},"sameAs":["https:\/\/www.facebook.com\/Geziyooco","https:\/\/x.com\/geziyoo","https:\/\/tr.pinterest.com\/geziyooco\/","https:\/\/www.youtube.com\/@geziyoo","https:\/\/www.instagram.com\/geziyoo.co\/"]}]}},"amp_enabled":false,"_links":{"self":[{"href":"https:\/\/geziyoo.co\/blog\/wp-json\/wp\/v2\/pages\/9035","targetHints":{"allow":["GET"]}}],"collection":[{"href":"https:\/\/geziyoo.co\/blog\/wp-json\/wp\/v2\/pages"}],"about":[{"href":"https:\/\/geziyoo.co\/blog\/wp-json\/wp\/v2\/types\/page"}],"author":[{"embeddable":true,"href":"https:\/\/geziyoo.co\/blog\/wp-json\/wp\/v2\/users\/1"}],"replies":[{"embeddable":true,"href":"https:\/\/geziyoo.co\/blog\/wp-json\/wp\/v2\/comments?post=9035"}],"version-history":[{"count":0,"href":"https:\/\/geziyoo.co\/blog\/wp-json\/wp\/v2\/pages\/9035\/revisions"}],"wp:featuredmedia":[{"embeddable":true,"href":"https:\/\/geziyoo.co\/blog\/wp-json\/wp\/v2\/media\/19863"}],"wp:attachment":[{"href":"https:\/\/geziyoo.co\/blog\/wp-json\/wp\/v2\/media?parent=9035"}],"curies":[{"name":"wp","href":"https:\/\/api.w.org\/{rel}","templated":true}]}}