{"version":"1.0","provider_name":"Geziyoo.co","provider_url":"http:\/\/geziyoo.co\/blog","title":"Bilecik K\u0131n\u0131k\u2019ta (Pazaryeri) En \u0130yi \u00dccretsiz Kamp Alan\u0131: G\u00f6letler ve \u00c7\u00f6mlek K\u00f6y\u00fc | Geziyoo","type":"rich","width":600,"height":338,"html":"<blockquote class=\"wp-embedded-content\" data-secret=\"1CXUc8xZwl\"><a href=\"http:\/\/geziyoo.co\/blog\/kinik-kamp-alanlari-ve-karavan-alanlari\/\">Bilecik K\u0131n\u0131k K\u00f6y\u00fc ve \u00c7evresi Do\u011fa \u0130\u00e7inde \u00dccretsiz Kamp Noktas\u0131<\/a><\/blockquote><iframe sandbox=\"allow-scripts\" security=\"restricted\" src=\"http:\/\/geziyoo.co\/blog\/kinik-kamp-alanlari-ve-karavan-alanlari\/embed\/#?secret=1CXUc8xZwl\" width=\"600\" height=\"338\" title=\"&#8220;Bilecik K\u0131n\u0131k K\u00f6y\u00fc ve \u00c7evresi Do\u011fa \u0130\u00e7inde \u00dccretsiz Kamp Noktas\u0131&#8221; &#8212; Geziyoo.co\" data-secret=\"1CXUc8xZwl\" frameborder=\"0\" marginwidth=\"0\" marginheight=\"0\" scrolling=\"no\" class=\"wp-embedded-content\"><\/iframe><script type=\"text\/javascript\">\n\/* <![CDATA[ *\/\n\/*! This file is auto-generated *\/\n!function(d,l){\"use strict\";l.querySelector&&d.addEventListener&&\"undefined\"!=typeof URL&&(d.wp=d.wp||{},d.wp.receiveEmbedMessage||(d.wp.receiveEmbedMessage=function(e){var t=e.data;if((t||t.secret||t.message||t.value)&&!\/[^a-zA-Z0-9]\/.test(t.secret)){for(var s,r,n,a=l.querySelectorAll('iframe[data-secret=\"'+t.secret+'\"]'),o=l.querySelectorAll('blockquote[data-secret=\"'+t.secret+'\"]'),c=new RegExp(\"^https?:$\",\"i\"),i=0;i<o.length;i++)o[i].style.display=\"none\";for(i=0;i<a.length;i++)s=a[i],e.source===s.contentWindow&&(s.removeAttribute(\"style\"),\"height\"===t.message?(1e3<(r=parseInt(t.value,10))?r=1e3:~~r<200&&(r=200),s.height=r):\"link\"===t.message&&(r=new URL(s.getAttribute(\"src\")),n=new URL(t.value),c.test(n.protocol))&&n.host===r.host&&l.activeElement===s&&(d.top.location.href=t.value))}},d.addEventListener(\"message\",d.wp.receiveEmbedMessage,!1),l.addEventListener(\"DOMContentLoaded\",function(){for(var e,t,s=l.querySelectorAll(\"iframe.wp-embedded-content\"),r=0;r<s.length;r++)(t=(e=s[r]).getAttribute(\"data-secret\"))||(t=Math.random().toString(36).substring(2,12),e.src+=\"#?secret=\"+t,e.setAttribute(\"data-secret\",t)),e.contentWindow.postMessage({message:\"ready\",secret:t},\"*\")},!1)))}(window,document);\n\/\/# sourceURL=http:\/\/geziyoo.co\/blog\/wp-includes\/js\/wp-embed.min.js\n\/* ]]> *\/\n<\/script>\n","thumbnail_url":"http:\/\/geziyoo.co\/blog\/wp-content\/uploads\/2024\/04\/kinik-selale-scaled.jpeg","thumbnail_width":1200,"thumbnail_height":787,"description":"Bilecik Pazaryeri K\u0131n\u0131k K\u00f6y\u00fc, \u00e7\u00f6mlek at\u00f6lyeleri \u00e7evresi, hemen yan\u0131ndaki do\u011fa harikas\u0131 K\u00fc\u00e7\u00fckelmal\u0131 G\u00f6leti ve G\u00fcnyurdu (Bakraz) G\u00f6leti dahil \u00fccretsiz kamp alan\u0131n\u0131 listeledik."}

Bilecik Kınık’ta (Pazaryeri) En İyi Ücretsiz Kamp Alanı: Göletler ve Çömlek Köyü | Geziyoo

<blockquote class="wp-embedded-content" data-secret="1CXUc8xZwl"><a href="http://geziyoo.co/blog/kinik-kamp-alanlari-ve-karavan-alanlari/">Bilecik Kınık Köyü ve Çevresi Doğa İçinde Ücretsiz Kamp Noktası</a></blockquote><iframe sandbox="allow-scripts" security="restricted" src="http://geziyoo.co/blog/kinik-kamp-alanlari-ve-karavan-alanlari/embed/#?secret=1CXUc8xZwl" width="600" height="338" title="&#8220;Bilecik Kınık Köyü ve Çevresi Doğa İçinde Ücretsiz Kamp Noktası&#8221; &#8212; Geziyoo.co" data-secret="1CXUc8xZwl" frameborder="0" marginwidth="0" marginheight="0" scrolling="no" class="wp-embedded-content"></iframe><script type="text/javascript">
/* <![CDATA[ */
/*! This file is auto-generated */
!function(d,l){"use strict";l.querySelector&&d.addEventListener&&"undefined"!=typeof URL&&(d.wp=d.wp||{},d.wp.receiveEmbedMessage||(d.wp.receiveEmbedMessage=function(e){var t=e.data;if((t||t.secret||t.message||t.value)&&!/[^a-zA-Z0-9]/.test(t.secret)){for(var s,r,n,a=l.querySelectorAll('iframe[data-secret="'+t.secret+'"]'),o=l.querySelectorAll('blockquote[data-secret="'+t.secret+'"]'),c=new RegExp("^https?:$","i"),i=0;i<o.length;i++)o[i].style.display="none";for(i=0;i<a.length;i++)s=a[i],e.source===s.contentWindow&&(s.removeAttribute("style"),"height"===t.message?(1e3<(r=parseInt(t.value,10))?r=1e3:~~r<200&&(r=200),s.height=r):"link"===t.message&&(r=new URL(s.getAttribute("src")),n=new URL(t.value),c.test(n.protocol))&&n.host===r.host&&l.activeElement===s&&(d.top.location.href=t.value))}},d.addEventListener("message",d.wp.receiveEmbedMessage,!1),l.addEventListener("DOMContentLoaded",function(){for(var e,t,s=l.querySelectorAll("iframe.wp-embedded-content"),r=0;r<s.length;r++)(t=(e=s[r]).getAttribute("data-secret"))||(t=Math.random().toString(36).substring(2,12),e.src+="#?secret="+t,e.setAttribute("data-secret",t)),e.contentWindow.postMessage({message:"ready",secret:t},"*")},!1)))}(window,document);
//# sourceURL=http://geziyoo.co/blog/wp-includes/js/wp-embed.min.js
/* ]]> */
</script>

Bilecik Pazaryeri Kınık Köyü, çömlek atölyeleri çevresi, hemen yanındaki doğa harikası Küçükelmalı Göleti ve Günyurdu (Bakraz) Göleti dahil ücretsiz kamp alanını listeledik.
